{"id":21569,"date":"2022-12-21T08:47:33","date_gmt":"2022-12-21T06:47:33","guid":{"rendered":"https:\/\/mnart.museum\/project\/mnart-open-view-noima-constantin-flondor\/"},"modified":"2025-02-17T15:52:18","modified_gmt":"2025-02-17T13:52:18","slug":"mnart-open-view-noima-constantin-flondor","status":"publish","type":"project","link":"https:\/\/mnart.museum\/en\/project\/mnart-open-view-noima-constantin-flondor\/","title":{"rendered":"MNArT Open View &#8211; NOIMA \/ Constantin Flondor"},"content":{"rendered":"<p class=\"western\" lang=\"ro-RO\" align=\"justify\"><span style=\"font-family: Calibri, serif; color: #333333;\"><span style=\"font-size: medium;\"><img fetchpriority=\"high\" decoding=\"async\" class=\" wp-image-7993 alignleft\" src=\"https:\/\/muzeuldeartatm.ro\/1678703079610\/wp-content\/uploads\/2022\/12\/WhatsApp-Image-2022-12-21-at-10.03.46-699x1024.jpeg\" alt=\"\" width=\"218\" height=\"320\" \/><\/span><\/span><\/p>\n<p class=\"western\" lang=\"ro-RO\" align=\"justify\"><span style=\"font-family: Calibri, serif; color: #333333;\"><span style=\"font-size: medium;\">NOIMA (n. 2003)<\/span><\/span><\/p>\n<p class=\"western\" lang=\"ro-RO\" align=\"justify\"><span style=\"font-family: Calibri, serif; color: #333333;\"><span style=\"font-size: medium;\">SMALL REPRESENTATIVE OF THE UNIVERSE<\/span><\/span><\/p>\n<p class=\"western\" lang=\"ro-RO\" align=\"justify\"><span style=\"font-family: Calibri, serif; color: #333333;\"><span style=\"font-size: medium;\">concept: Constantin Flondor<\/span><\/span><\/p>\n<p class=\"western\" lang=\"ro-RO\" align=\"justify\"><span style=\"font-family: Calibri, serif; color: #333333;\"><span style=\"font-size: medium;\">land art action \/ 2021 \/ \u0218irnea &#8211; Brasov <\/span><\/span><\/p>\n<p class=\"western\" lang=\"ro-RO\" align=\"justify\"><span style=\"font-family: Calibri, serif; color: #333333;\"><span style=\"font-size: medium;\">800 x 800 cm &#8211; corn, snow, soil, branches, twigs, string, gardening tools<\/span><\/span><\/p>\n<p class=\"western\" lang=\"ro-RO\" align=\"justify\"><span style=\"font-family: Calibri, serif; color: #333333;\"><span style=\"font-size: medium;\">exposed photographic document \/ 91 x 91 cm \/ digital print<\/span><\/span><\/p>\n<p class=\"western\" lang=\"ro-RO\" align=\"justify\"><span style=\"font-family: Calibri, serif; color: #333333;\"><span style=\"font-size: medium;\">Galleria28 archive<\/span><\/span><\/p>\n<p class=\"western\" lang=\"ro-RO\"><span style=\"color: #333333;\"><span style=\"font-family: Calibri, serif;\"><span style=\"font-size: medium;\">Starting December 21, 2022, the National Museum of Art in Timisoara will exhibit a photographic document of the NOIMA group&#8217;s action within the &#8220;MNArT Open View&#8221; project, <\/span><\/span><span style=\"font-family: Calibri, serif;\"><span style=\"font-size: medium;\">&#8220;<\/span><\/span><span style=\"font-family: Calibri, serif;\"><span style=\"font-size: medium;\">SMALL REPRESENTATIVE OF THE UNIVERSE<\/span><\/span><span style=\"font-family: Calibri, serif;\"><span style=\"font-size: medium;\">&#8220;<\/span><\/span><span style=\"font-family: Calibri, serif;\"><span style=\"font-size: medium;\">, whose concept belongs to the painter Constantin Flondor. The project &#8220;MNArT Open View&#8221; allows access to private art collections, transposing them into the public space through the micro-gallery on Mercy Street. <\/span><\/span><\/span><\/p>\n<p class=\"western\" lang=\"ro-RO\"><span style=\"color: #333333;\"><span style=\"font-family: Calibri, serif;\"><span style=\"font-size: medium;\">The land art action was undertaken by the NOIMA group in 2021 in \u0218irnea, Brasov county. It was followed at the end of the same year by the opening <\/span><\/span><span style=\"font-family: Calibri, serif;\"><span style=\"font-size: medium;\">an exhibition<\/span><\/span><span style=\"font-family: Calibri, serif;\"><span style=\"font-size: medium;\"> at Galleria 28 in Timisoara.<\/span><\/span><span style=\"font-family: Calibri, serif;\"><span style=\"font-size: medium;\"> In the exhibition were presented alongside photographic documents, paintings signed by Constantin Flondor and members of the NOIMA group.<\/span><\/span><\/span><\/p>\n<p class=\"western\" lang=\"ro-RO\"><span style=\"color: #333333;\"><span style=\"font-family: Calibri, serif;\"><span style=\"font-size: medium;\">About the action &#8220;<\/span><\/span><span style=\"font-family: Calibri, serif;\"><span style=\"font-size: medium;\">SMALL REPRESENTATIVE OF THE UNIVERSE<\/span><\/span><span style=\"font-family: Calibri, serif;\"><span style=\"font-size: medium;\">&#8220;<\/span><\/span><span style=\"font-family: Calibri, serif;\"><span style=\"font-size: medium;\">curator and art historian <\/span><\/span><span style=\"font-family: Calibri, serif;\"><span style=\"font-size: medium;\">Maria Pasc notes:<\/span><\/span> <span style=\"font-family: Calibri, serif;\"><span style=\"font-size: medium;\">&#8220;Constantin Flondor, Knight of Flondor, has two passions: geometry and poetry. <\/span><\/span><span style=\"font-family: Calibri, serif;\"><span style=\"font-size: medium;\"><i>Coincidentia oppositorum<\/i><\/span><\/span><span style=\"font-family: Calibri, serif;\"><span style=\"font-size: medium;\">: what is Constantin Flondor&#8217;s snowflake if not poetry poured in geometric rigor? Poetry unhindered by the geometric rigor that shapes it! Constantin Flondor, fire poetic\u0103, este geometric exigent cu sine \u0219i cu arta sa, \u00eentr-un fel ce ni-l evoc\u0103 pe Kant: \u201eDou\u0103 lucruri m\u0103 umplu cu mereu nou\u0103 \u0219i tot mai mare uimire \u0219i venerator cutremur, cu c\u00e2t mai mult \u0219i mai st\u0103ruitor cuget la ele: cerul \u00eenstelat deasupra mea \u015fi legea moral\u0103 dinl\u0103untrul meu.\u201d (Immanuel Kant, Critique of Practical Reason).<\/span><\/span><\/span><\/p>\n<p class=\"western\" lang=\"ro-RO\" align=\"justify\"><span style=\"color: #333333;\"><span style=\"font-family: Calibri, serif;\"><span style=\"font-size: medium;\">Constantin Flondor is a knight of the vision of the divine without equal in the world. He breaks down the deeper meaning of this word, the spirit, in order to recompose it and gives it a redeeming meaning &#8211; the life-giving, life-giving Spirit. And so he builds celestial architectures on canvas. Snowflakes &#8211; rays of splendor fall from the sky. Constantin Flondor is in love with Eminescu and geometry. Eminescu: &#8220;The Byzantine cross is like a snowflake, a small representative of the universe&#8221; (Mihai Eminescu, <\/span><\/span><span style=\"font-family: Calibri, serif;\"><span style=\"font-size: medium;\"><i>Fragmentarium<\/i><\/span><\/span><span style=\"font-family: Calibri, serif;\"><span style=\"font-size: medium;\">The fabric of the snowflake is the ineffable &#8211; divine irradiation. What else would the snowflake be but a subtle, poetic sifting? Byzantine cross, small representative of the universe&#8230; <\/span><\/span><\/span><\/p>\n<p class=\"western\" lang=\"ro-RO\" align=\"justify\"><span style=\"font-family: Calibri, serif; color: #333333;\"><span style=\"font-size: medium;\">*<\/span><\/span><\/p>\n<p class=\"western\" lang=\"ro-RO\" align=\"justify\"><span style=\"font-family: Calibri, serif; color: #333333;\"><span style=\"font-size: medium;\">Friendship established under the name NOIMA: Ciprian Bodea, Cosmin Frunte\u0219, Dan Gherman, Andrei Rosetti, Sorin Scurtulescu. A group without manifestos and programmatic pleas, surpassing individual aspirations, it has managed to give a collective meaning, to gain adherence and to register solidary conquests. <\/span><\/span><\/p>\n<p class=\"western\" lang=\"ro-RO\" align=\"justify\"><span style=\"color: #333333;\"><a style=\"color: #333333;\" name=\"_GoBack\"><\/a><span style=\"font-family: Calibri, serif;\"><span style=\"font-size: medium;\">NOIMA is a group that is coherent in its balance and the artistic maturity of the five painters who make it up. What is NOIMA? The endeavor to harmonize technique and science through in-depth study. The five painters, performers, in \u0218irnea, have chosen to mark the earth with the snowflake symbol in reverence for their artistic director: Constantin Flondor. The work of the NOIMA painters&#8217; hands and thoughts speaks of gratitude and joy. <\/span><\/span><\/span><\/p>\n","protected":false},"excerpt":{"rendered":"<p>NOIMA (n. 2003) SMALL REPRESENTATIVE OF THE UNIVERSE concept: Constantin Flondor land art action \/ 2021 \/ \u0218irnea &#8211; Brasov 800 x 800 cm &#8211; corn, snow, soil, branches, twigs,&#8230;<\/p>\n","protected":false},"author":10,"featured_media":20426,"menu_order":0,"comment_status":"closed","ping_status":"open","template":"","format":"standard","meta":[],"pj-categs":[122],"pj-tags":[],"_links":{"self":[{"href":"https:\/\/mnart.museum\/en\/wp-json\/wp\/v2\/project\/21569"}],"collection":[{"href":"https:\/\/mnart.museum\/en\/wp-json\/wp\/v2\/project"}],"about":[{"href":"https:\/\/mnart.museum\/en\/wp-json\/wp\/v2\/types\/project"}],"author":[{"embeddable":true,"href":"https:\/\/mnart.museum\/en\/wp-json\/wp\/v2\/users\/10"}],"replies":[{"embeddable":true,"href":"https:\/\/mnart.museum\/en\/wp-json\/wp\/v2\/comments?post=21569"}],"version-history":[{"count":1,"href":"https:\/\/mnart.museum\/en\/wp-json\/wp\/v2\/project\/21569\/revisions"}],"predecessor-version":[{"id":21570,"href":"https:\/\/mnart.museum\/en\/wp-json\/wp\/v2\/project\/21569\/revisions\/21570"}],"wp:featuredmedia":[{"embeddable":true,"href":"https:\/\/mnart.museum\/en\/wp-json\/wp\/v2\/media\/20426"}],"wp:attachment":[{"href":"https:\/\/mnart.museum\/en\/wp-json\/wp\/v2\/media?parent=21569"}],"wp:term":[{"taxonomy":"pj-categs","embeddable":true,"href":"https:\/\/mnart.museum\/en\/wp-json\/wp\/v2\/pj-categs?post=21569"},{"taxonomy":"pj-tags","embeddable":true,"href":"https:\/\/mnart.museum\/en\/wp-json\/wp\/v2\/pj-tags?post=21569"}],"curies":[{"name":"wp","href":"https:\/\/api.w.org\/{rel}","templated":true}]}}

<p class="western" lang="ro-RO" align="justify"><span style="font-family: Calibri, serif; color: #333333;"><span style="font-size: medium;"><img fetchpriority="high" decoding="async" class=" wp-image-7993 alignleft" src="https://muzeuldeartatm.ro/1678703079610/wp-content/uploads/2022/12/WhatsApp-Image-2022-12-21-at-10.03.46-699x1024.jpeg" alt="" width="218" height="320" /></span></span></p>
<p class="western" lang="ro-RO" align="justify"><span style="font-family: Calibri, serif; color: #333333;"><span style="font-size: medium;">NOIMA (n. 2003)</span></span></p>
<p class="western" lang="ro-RO" align="justify"><span style="font-family: Calibri, serif; color: #333333;"><span style="font-size: medium;">SMALL REPRESENTATIVE OF THE UNIVERSE</span></span></p>
<p class="western" lang="ro-RO" align="justify"><span style="font-family: Calibri, serif; color: #333333;"><span style="font-size: medium;">concept: Constantin Flondor</span></span></p>
<p class="western" lang="ro-RO" align="justify"><span style="font-family: Calibri, serif; color: #333333;"><span style="font-size: medium;">land art action / 2021 / Șirnea &#8211; Brasov </span></span></p>
<p class="western" lang="ro-RO" align="justify"><span style="font-family: Calibri, serif; color: #333333;"><span style="font-size: medium;">800 x 800 cm &#8211; corn, snow, soil, branches, twigs, string, gardening tools</span></span></p>
<p class="western" lang="ro-RO" align="justify"><span style="font-family: Calibri, serif; color: #333333;"><span style="font-size: medium;">exposed photographic document / 91 x 91 cm / digital print</span></span></p>
<p class="western" lang="ro-RO" align="justify"><span style="font-family: Calibri, serif; color: #333333;"><span style="font-size: medium;">Galleria28 archive</span></span></p>
<p class="western" lang="ro-RO"><span style="color: #333333;"><span style="font-family: Calibri, serif;"><span style="font-size: medium;">Starting December 21, 2022, the National Museum of Art in Timisoara will exhibit a photographic document of the NOIMA group&#8217;s action within the &#8220;MNArT Open View&#8221; project, </span></span><span style="font-family: Calibri, serif;"><span style="font-size: medium;">&#8220;</span></span><span style="font-family: Calibri, serif;"><span style="font-size: medium;">SMALL REPRESENTATIVE OF THE UNIVERSE</span></span><span style="font-family: Calibri, serif;"><span style="font-size: medium;">&#8220;</span></span><span style="font-family: Calibri, serif;"><span style="font-size: medium;">, whose concept belongs to the painter Constantin Flondor. The project &#8220;MNArT Open View&#8221; allows access to private art collections, transposing them into the public space through the micro-gallery on Mercy Street. </span></span></span></p>
<p class="western" lang="ro-RO"><span style="color: #333333;"><span style="font-family: Calibri, serif;"><span style="font-size: medium;">The land art action was undertaken by the NOIMA group in 2021 in Șirnea, Brasov county. It was followed at the end of the same year by the opening </span></span><span style="font-family: Calibri, serif;"><span style="font-size: medium;">an exhibition</span></span><span style="font-family: Calibri, serif;"><span style="font-size: medium;"> at Galleria 28 in Timisoara.</span></span><span style="font-family: Calibri, serif;"><span style="font-size: medium;"> In the exhibition were presented alongside photographic documents, paintings signed by Constantin Flondor and members of the NOIMA group.</span></span></span></p>
<p class="western" lang="ro-RO"><span style="color: #333333;"><span style="font-family: Calibri, serif;"><span style="font-size: medium;">About the action &#8220;</span></span><span style="font-family: Calibri, serif;"><span style="font-size: medium;">SMALL REPRESENTATIVE OF THE UNIVERSE</span></span><span style="font-family: Calibri, serif;"><span style="font-size: medium;">&#8220;</span></span><span style="font-family: Calibri, serif;"><span style="font-size: medium;">curator and art historian </span></span><span style="font-family: Calibri, serif;"><span style="font-size: medium;">Maria Pasc notes:</span></span> <span style="font-family: Calibri, serif;"><span style="font-size: medium;">&#8220;Constantin Flondor, Knight of Flondor, has two passions: geometry and poetry. </span></span><span style="font-family: Calibri, serif;"><span style="font-size: medium;"><i>Coincidentia oppositorum</i></span></span><span style="font-family: Calibri, serif;"><span style="font-size: medium;">: what is Constantin Flondor&#8217;s snowflake if not poetry poured in geometric rigor? Poetry unhindered by the geometric rigor that shapes it! Constantin Flondor, fire poetică, este geometric exigent cu sine și cu arta sa, într-un fel ce ni-l evocă pe Kant: „Două lucruri mă umplu cu mereu nouă și tot mai mare uimire și venerator cutremur, cu cât mai mult și mai stăruitor cuget la ele: cerul înstelat deasupra mea şi legea morală dinlăuntrul meu.” (Immanuel Kant, Critique of Practical Reason).</span></span></span></p>
<p class="western" lang="ro-RO" align="justify"><span style="color: #333333;"><span style="font-family: Calibri, serif;"><span style="font-size: medium;">Constantin Flondor is a knight of the vision of the divine without equal in the world. He breaks down the deeper meaning of this word, the spirit, in order to recompose it and gives it a redeeming meaning &#8211; the life-giving, life-giving Spirit. And so he builds celestial architectures on canvas. Snowflakes &#8211; rays of splendor fall from the sky. Constantin Flondor is in love with Eminescu and geometry. Eminescu: &#8220;The Byzantine cross is like a snowflake, a small representative of the universe&#8221; (Mihai Eminescu, </span></span><span style="font-family: Calibri, serif;"><span style="font-size: medium;"><i>Fragmentarium</i></span></span><span style="font-family: Calibri, serif;"><span style="font-size: medium;">The fabric of the snowflake is the ineffable &#8211; divine irradiation. What else would the snowflake be but a subtle, poetic sifting? Byzantine cross, small representative of the universe&#8230; </span></span></span></p>
<p class="western" lang="ro-RO" align="justify"><span style="font-family: Calibri, serif; color: #333333;"><span style="font-size: medium;">*</span></span></p>
<p class="western" lang="ro-RO" align="justify"><span style="font-family: Calibri, serif; color: #333333;"><span style="font-size: medium;">Friendship established under the name NOIMA: Ciprian Bodea, Cosmin Frunteș, Dan Gherman, Andrei Rosetti, Sorin Scurtulescu. A group without manifestos and programmatic pleas, surpassing individual aspirations, it has managed to give a collective meaning, to gain adherence and to register solidary conquests. </span></span></p>
<p class="western" lang="ro-RO" align="justify"><span style="color: #333333;"><a style="color: #333333;" name="_GoBack"></a><span style="font-family: Calibri, serif;"><span style="font-size: medium;">NOIMA is a group that is coherent in its balance and the artistic maturity of the five painters who make it up. What is NOIMA? The endeavor to harmonize technique and science through in-depth study. The five painters, performers, in Șirnea, have chosen to mark the earth with the snowflake symbol in reverence for their artistic director: Constantin Flondor. The work of the NOIMA painters&#8217; hands and thoughts speaks of gratitude and joy. </span></span></span></p>

<p>NOIMA (n. 2003) SMALL REPRESENTATIVE OF THE UNIVERSE concept: Constantin Flondor land art action / 2021 / Șirnea &#8211; Brasov 800 x 800 cm &#8211; corn, snow, soil, branches, twigs,&#8230;</p>
