{"id":21563,"date":"2024-04-17T12:56:19","date_gmt":"2024-04-17T09:56:19","guid":{"rendered":"https:\/\/mnart.museum\/project\/i-was-at-the-end-of-the-world-liviu-stanescu\/"},"modified":"2025-02-17T15:42:16","modified_gmt":"2025-02-17T13:42:16","slug":"i-was-at-the-end-of-the-world-liviu-stanescu","status":"publish","type":"project","link":"https:\/\/mnart.museum\/en\/project\/i-was-at-the-end-of-the-world-liviu-stanescu\/","title":{"rendered":"I was at the end of the world | Liviu St\u0103nescu"},"content":{"rendered":"<div id=\"cmsmasters_row_n1vhbbdxqu\" class=\"cmsmasters_row cmsmasters_color_scheme_default cmsmasters_row_top_default cmsmasters_row_bot_default cmsmasters_row_boxed\">\n<div class=\"cmsmasters_row_outer_parent\">\n<div class=\"cmsmasters_row_outer\">\n<div class=\"cmsmasters_row_inner\">\n<div class=\"cmsmasters_row_margin\">\n<div id=\"cmsmasters_column_vrbu41cvov\" class=\"cmsmasters_column two_third\">\n<div class=\"cmsmasters_column_inner\"><div class=\"cmsmasters_text\">\n<p>The National Museum of Art Timi\u0219oara and Humanitas Publishing House invite you on April 18, 2024, from \ud835\udc28\ud835\udc2b\ud835\udc1a \ud835\udfcf8:\ud835\udfce, at \ud835\udc2f\ud835\udc1e\ud835\udc2b\ud835\udc27\ud835\udc22\ud835\udc2c\ud835\udc1a\ud835\udc23\ud835\udc2e\ud835\udc25 \ud835\udc1e\ud835\udc31\ud835\udc29\ud835\udc28\ud835\udc33\ud835\udc22\ud835\udc2d\u0326\ud835\udc22\ud835\udc1e\ud835\udc22 \ud835\udc1d\ud835\udc1e \ud835\udc1f\ud835\udc28\ud835\udc2d\ud835\udc28\ud835\udc20\ud835\udc2b\ud835\udc1a\ud835\udc1f\ud835\udc22\ud835\udc1e and the launch of the volume \ud835\udc68\ud835\udc8e \ud835\udc87\ud835\udc90\ud835\udc94\ud835\udc95 \ud835\udc8d\ud835\udc82 \ud835\udc84\ud835\udc82\ud835\udc91\ud835\udc82\u0306\ud835\udc95\ud835\udc96\ud835\udc8d \ud835\udc8d\ud835\udc96\ud835\udc8e\ud835\udc8a\ud835\udc8a by \ud835\udc0b\ud835\udc22\ud835\udc2f\ud835\udc22\ud835\udc2e \ud835\udc12\ud835\udc2d\u0103\ud835\udc27\ud835\udc1e\ud835\udc2c\ud835\udc1c\ud835\udc2e. Melania Cincea and Cristian Tzecu will participate &#8211; together with the author. The exhibition is curated by Roxana L\u0103p\u0103dat and Andreea Sandu and is based on the homonymous volume by Liviu St\u0103nescu, published by Editura Humanitas in 2023.<\/p>\n<p>&#8220;The traveler is good on the road. But he is equally at home as a storyteller, a tuner of words and creator of worlds. Liviu St\u0103nescu is a collector of states, he lives to travel and travels to feel. His travels do not create the framework for objective documentation, but are the occasion for introspection and deeply personal searches. And when the image is added to the word, Liviu St\u0103nescu&#8217;s worlds become an experience in themselves, transforming the reader-viewer into a traveler-seer. This is how we imagined this photography exhibition, as an experience, a journey through the worlds and experiences of Liviu St\u0103nescu, as an adventure in the footsteps of his footsteps, on paths sometimes completely unknown, sometimes intuited or even recognizable. The emotional maps designed by Liviu St\u0103nescu will guide you to the end of the world&#8230; or to the end of a world that will open up to others&#8230; &#8220;explain the two curators, Roxana L\u0103p\u0103dat and Andreea Sandu (Galateca Gallery of Contemporary Art and Design).<\/p>\n<p>Liviu St\u0103nescu has traveled the length and breadth of the Earth: 111 countries have opened their doors to him so far, but he has plenty of doors to knock on. He&#8217;s been to Ushuaia, Cape Town, Cabo da Roca, Tonga, Easter Island, the Galapagos Islands and the South Pole, among others. In his travels, he lived through the great earthquake in Nepal, measuring 8.1 on the Richter scale, the one in India, measuring just 7.4, and the first day of the civil war in Kenya; he fell ill with typhoid fever in Iran and only luck helped him escape unharmed. Many of these adventures can be found in the pages of his books, as well as in the photographs on show for the first time in an exhibition.<\/p>\n<p>&#8220;I am just a simple vagabond, sniffing the deep footprints left behind by Panait Istrati or Walt Whithman. I am a wanderer like no other, a wanderer who likes to wander the paths of the world and less to run along the boulevards of the great metropolises. I am also a great teleleu who yawns at a colorful pebble hidden beneath the sole of my boot as much as I yawn at the temples created by the greatest living artist &#8211; Nature. I&#8217;m a wanderer who not once, carried away by the tide, had no idea where he was and what nothingness he was looking for on those unblazed coclaves. Haimana am I? Well, how else, as long as it is only the road to the unknown that tempts me to walk it! And I&#8217;m always wandering and wandering and wandering, because that&#8217;s the only way, without a specific target, I know that the unseen will wink at me. A haihuist, in a word!&#8221; &#8211; self-describes the traveler, author and photographer Liviu St\u0103nescu.<\/p>\n<p>His book &#8211; <a href=\"https:\/\/humanitas.ro\/humanitas\/carte\/am-fost-la-capatul-lumii\">&#8220;I was at the end of the world&#8221;<\/a> &#8211; was in the top 10 bestsellers of Humanitas Publishing House at Bookfest Bucharest 2023, as well as in December 2023.<\/p>\n<p>The eponymous exhibition can be visited from April 17-28, 2024, at the National Museum of Art Timisoara, Gallery L (Unirii Square no. 1).<\/p>\n<\/div>\n<\/div><\/div>\n<div id=\"cmsmasters_column_zjei5myg7l\" class=\"cmsmasters_column one_third\">\n<div class=\"cmsmasters_column_inner\"><div class=\"cmsmasters_img  cmsmasters_image_n\"><img decoding=\"async\" src=\"https:\/\/mnart.museum\/wp-content\/uploads\/2024\/04\/Afis-211x300.jpeg\" \/><\/div>\n<\/div><\/div>\n<\/div>\n<\/div>\n<\/div>\n<\/div>\n<\/div>\n<div id=\"cmsmasters_row_y4rrwmfnzf\" class=\"cmsmasters_row cmsmasters_color_scheme_default cmsmasters_row_top_default cmsmasters_row_bot_default cmsmasters_row_boxed\">\n<div class=\"cmsmasters_row_outer_parent\">\n<div class=\"cmsmasters_row_outer\">\n<div class=\"cmsmasters_row_inner\">\n<div class=\"cmsmasters_row_margin\">\n<div id=\"cmsmasters_column_gj0prjy8mw\" class=\"cmsmasters_column one_first\">\n<div class=\"cmsmasters_column_inner\"><p><\/p>\n<\/div><\/div>\n<\/div>\n<\/div>\n<\/div>\n<\/div>\n<\/div>\n\n","protected":false},"excerpt":{"rendered":"<p>From April 17 to April 28, 2024<\/p>\n","protected":false},"author":7,"featured_media":20820,"menu_order":0,"comment_status":"closed","ping_status":"open","template":"","format":"standard","meta":[],"pj-categs":[106,140],"pj-tags":[],"_links":{"self":[{"href":"https:\/\/mnart.museum\/en\/wp-json\/wp\/v2\/project\/21563"}],"collection":[{"href":"https:\/\/mnart.museum\/en\/wp-json\/wp\/v2\/project"}],"about":[{"href":"https:\/\/mnart.museum\/en\/wp-json\/wp\/v2\/types\/project"}],"author":[{"embeddable":true,"href":"https:\/\/mnart.museum\/en\/wp-json\/wp\/v2\/users\/7"}],"replies":[{"embeddable":true,"href":"https:\/\/mnart.museum\/en\/wp-json\/wp\/v2\/comments?post=21563"}],"version-history":[{"count":1,"href":"https:\/\/mnart.museum\/en\/wp-json\/wp\/v2\/project\/21563\/revisions"}],"predecessor-version":[{"id":21564,"href":"https:\/\/mnart.museum\/en\/wp-json\/wp\/v2\/project\/21563\/revisions\/21564"}],"wp:featuredmedia":[{"embeddable":true,"href":"https:\/\/mnart.museum\/en\/wp-json\/wp\/v2\/media\/20820"}],"wp:attachment":[{"href":"https:\/\/mnart.museum\/en\/wp-json\/wp\/v2\/media?parent=21563"}],"wp:term":[{"taxonomy":"pj-categs","embeddable":true,"href":"https:\/\/mnart.museum\/en\/wp-json\/wp\/v2\/pj-categs?post=21563"},{"taxonomy":"pj-tags","embeddable":true,"href":"https:\/\/mnart.museum\/en\/wp-json\/wp\/v2\/pj-tags?post=21563"}],"curies":[{"name":"wp","href":"https:\/\/api.w.org\/{rel}","templated":true}]}}

I was at the end of the world | Liviu Stănescu

<div id="cmsmasters_row_n1vhbbdxqu" class="cmsmasters_row cmsmasters_color_scheme_default cmsmasters_row_top_default cmsmasters_row_bot_default cmsmasters_row_boxed">
<div class="cmsmasters_row_outer_parent">
<div class="cmsmasters_row_outer">
<div class="cmsmasters_row_inner">
<div class="cmsmasters_row_margin">
<div id="cmsmasters_column_vrbu41cvov" class="cmsmasters_column two_third">
<div class="cmsmasters_column_inner"><div class="cmsmasters_text">
<p>The National Museum of Art Timișoara and Humanitas Publishing House invite you on April 18, 2024, from 𝐨𝐫𝐚 𝟏8:𝟎, at 𝐯𝐞𝐫𝐧𝐢𝐬𝐚𝐣𝐮𝐥 𝐞𝐱𝐩𝐨𝐳𝐢𝐭̦𝐢𝐞𝐢 𝐝𝐞 𝐟𝐨𝐭𝐨𝐠𝐫𝐚𝐟𝐢𝐞 and the launch of the volume 𝑨𝒎 𝒇𝒐𝒔𝒕 𝒍𝒂 𝒄𝒂𝒑𝒂̆𝒕𝒖𝒍 𝒍𝒖𝒎𝒊𝒊 by 𝐋𝐢𝐯𝐢𝐮 𝐒𝐭ă𝐧𝐞𝐬𝐜𝐮. Melania Cincea and Cristian Tzecu will participate &#8211; together with the author. The exhibition is curated by Roxana Lăpădat and Andreea Sandu and is based on the homonymous volume by Liviu Stănescu, published by Editura Humanitas in 2023.</p>
<p>&#8220;The traveler is good on the road. But he is equally at home as a storyteller, a tuner of words and creator of worlds. Liviu Stănescu is a collector of states, he lives to travel and travels to feel. His travels do not create the framework for objective documentation, but are the occasion for introspection and deeply personal searches. And when the image is added to the word, Liviu Stănescu&#8217;s worlds become an experience in themselves, transforming the reader-viewer into a traveler-seer. This is how we imagined this photography exhibition, as an experience, a journey through the worlds and experiences of Liviu Stănescu, as an adventure in the footsteps of his footsteps, on paths sometimes completely unknown, sometimes intuited or even recognizable. The emotional maps designed by Liviu Stănescu will guide you to the end of the world&#8230; or to the end of a world that will open up to others&#8230; &#8220;explain the two curators, Roxana Lăpădat and Andreea Sandu (Galateca Gallery of Contemporary Art and Design).</p>
<p>Liviu Stănescu has traveled the length and breadth of the Earth: 111 countries have opened their doors to him so far, but he has plenty of doors to knock on. He&#8217;s been to Ushuaia, Cape Town, Cabo da Roca, Tonga, Easter Island, the Galapagos Islands and the South Pole, among others. In his travels, he lived through the great earthquake in Nepal, measuring 8.1 on the Richter scale, the one in India, measuring just 7.4, and the first day of the civil war in Kenya; he fell ill with typhoid fever in Iran and only luck helped him escape unharmed. Many of these adventures can be found in the pages of his books, as well as in the photographs on show for the first time in an exhibition.</p>
<p>&#8220;I am just a simple vagabond, sniffing the deep footprints left behind by Panait Istrati or Walt Whithman. I am a wanderer like no other, a wanderer who likes to wander the paths of the world and less to run along the boulevards of the great metropolises. I am also a great teleleu who yawns at a colorful pebble hidden beneath the sole of my boot as much as I yawn at the temples created by the greatest living artist &#8211; Nature. I&#8217;m a wanderer who not once, carried away by the tide, had no idea where he was and what nothingness he was looking for on those unblazed coclaves. Haimana am I? Well, how else, as long as it is only the road to the unknown that tempts me to walk it! And I&#8217;m always wandering and wandering and wandering, because that&#8217;s the only way, without a specific target, I know that the unseen will wink at me. A haihuist, in a word!&#8221; &#8211; self-describes the traveler, author and photographer Liviu Stănescu.</p>
<p>His book &#8211; <a href="https://humanitas.ro/humanitas/carte/am-fost-la-capatul-lumii">&#8220;I was at the end of the world&#8221;</a> &#8211; was in the top 10 bestsellers of Humanitas Publishing House at Bookfest Bucharest 2023, as well as in December 2023.</p>
<p>The eponymous exhibition can be visited from April 17-28, 2024, at the National Museum of Art Timisoara, Gallery L (Unirii Square no. 1).</p>
</div>
</div></div>
<div id="cmsmasters_column_zjei5myg7l" class="cmsmasters_column one_third">
<div class="cmsmasters_column_inner"><div class="cmsmasters_img  cmsmasters_image_n"><img decoding="async" src="https://mnart.museum/wp-content/uploads/2024/04/Afis-211x300.jpeg" /></div>
</div></div>
</div>
</div>
</div>
</div>
</div>
<div id="cmsmasters_row_y4rrwmfnzf" class="cmsmasters_row cmsmasters_color_scheme_default cmsmasters_row_top_default cmsmasters_row_bot_default cmsmasters_row_boxed">
<div class="cmsmasters_row_outer_parent">
<div class="cmsmasters_row_outer">
<div class="cmsmasters_row_inner">
<div class="cmsmasters_row_margin">
<div id="cmsmasters_column_gj0prjy8mw" class="cmsmasters_column one_first">
<div class="cmsmasters_column_inner"><p></p>
</div></div>
</div>
</div>
</div>
</div>
</div>
